se 10) to base 15
5
4a (base 13) to base 7
116
50 (base 9) to base 4
231
4 (base 9) to base 2
100
23 (base 5) to base 4
31
What is -11 (base 4) in base 10?
-5
Convert 100001 (base 2) to base 15.
23
What is -39 (base 15) in base 6?
-130
What is 101 (base 5) in base 11?
24
Convert 1 (base 11) to base 7.
1
What is 15 (base 6) in base 4?
23
2 (base 5) to base 13
2
3 (base 8) to base 2
11
Convert -14 (base 15) to base 5.
-34
Convert -21 (base 16) to base 11.
-30
-14 (base 8) to base 15
-c
What is -4 (base 8) in base 6?
-4
Convert d (base 14) to base 9.
14
120 (base 3) to base 11
14
What is c (base 13) in base 9?
13
-3 (base 16) to base 13
-3
What is 10 (base 15) in base 12?
13
6 (base 10) to base 6
10
What is -11 (base 9) in base 8?
-12
What is -111 (base 2) in base 6?
-11
Convert 2 (base 14) to base 16.
2
Convert 0 (base 12) to base 5.
0
What is -3 (base 5) in base 13?
-3
Convert 13 (base 6) to base 7.
12
Convert -8 (base 10) to base 2.
-1000
-118 (base 16) to base 13
-187
What is 27 (base 10) in base 7?
36
4 (base 5) to base 11
4
What is -1 (base 10) in base 9?
-1
-5 (base 16) to base 15
-5
Convert -3 (base 10) to base 5.
-3
4 (base 11) to base 12
4
Convert 3 (base 6) to base 15.
3
Convert -1102 (base 3) to base 15.
-28
What is -1 (base 15) in base 14?
-1
Convert -122 (base 6) to base 12.
-42
Convert 27 (base 11) to base 7.
41
Convert 120 (base 11) to base 4.
2033
-8 (base 14) to base 9
-8
Convert 20 (base 16) to base 2.
100000
Convert -3 (base 5) to base 12.
-3
-201 (base 3) to base 2
-10011
Convert 2 (base 11) to base 7.
2
Convert 0 (base 2) to base 3.
0
Convert 12 (base 7) to base 10.
9
What is 326 (base 7) in base 9?
205
What is -30 (base 9) in base 6?
-43
95 (base 10) to base 11
87
What is -36 (base 11) in base 15?
-29
3 (base 6) to base 15
3
Convert 145 (base 9) to base 13.
95
What is 10 (base 4) in base 9?
4
301 (base 4) to base 5
144
What is -305 (base 7) in base 8?
-230
What is -2 (base 16) in base 8?
-2
What is 4 (base 5) in base 13?
4
Convert 18 (base 16) to base 7.
33
94 (base 10) to base 16
5e
Convert -4 (base 14) to base 2.
-100
220 (base 5) to base 13
48
Convert -3 (base 10) to base 13.
-3
Convert -2 (base 11) to base 6.
-2
Convert 2 (base 15) to base 12.
2
What is 100 (base 2) in base 7?
4
-b (base 16) to base 11
-10
-2 (base 7) to base 16
-2
Convert 67 (base 14) to base 10.
91
-10 (base 10) to base 3
-101
What is -11 (base 14) in base 10?
-15
-16 (base 10) to base 13
-13
-14 (base 5) to base 11
-9
-26 (base 9) to base 6
-40
Convert 100 (base 4) to base 12.
14
What is -7 (base 13) in base 15?
-7
-78 (base 13) to base 16
-63
Convert -14 (base 9) to base 10.
-13
3 (base 13) to base 4
3
Convert 0 (base 5) to base 2.
0
33 (base 11) to base 6
100
Convert 3a (base 14) to base 10.
52
What is -4 (base 6) in base 7?
-4
What is 111 (base 2) in base 11?
7
17 (base 13) to base 14
16
What is 70 (base 16) in base 2?
1110000
1 (base 9) to base 4
1
-14 (base 11) to base 6
-23
232 (base 4) to base 16
2e
What is 11010 (base 2) in base 7?
35
Convert -30 (base 5) to base 11.
-14
Convert -1 (base 9) to base 12.
-1
What is b (base 16) in base 11?
10
Convert -8a (base 15) to base 14.
-94
What is -55 (base 6) in base 12?
-2b
1011 (base 2) to base 11
10
5 (base 14) to base 3
12
10010101 (base 2) to base 4
2111
What is -2 (base 7) in base 11?
-2
Convert -27 (base 10) to base 11.
-25
12100 (base 3) to base 12
100
Convert 1 (base 5) to base 9.
1
What is 6 (base 9) in base 3?
20
-161 (base 8) to base 6
-305
-b0 (base 16) to base 8
-260
What is 320 (base 6) in base 15?
80
What is 11011 (base 2) in base 3?
1000
Convert 3 (base 13) to base 2.
11
10 (base 2) to base 16
2
10 (base 10) to base 16
a
-5 (base 6) to base 13
-5
What is -3d (base 14) in base 4?
-313
What is -440 (base 5) in base 15?
-80
What is -2 (base 14) in base 13?
-2
0 (base 9) to base 16
0
What is 2 (base 16) in base 14?
2
Convert 0 (base 9) to base 2.
0
What is -506 (base 7) in base 13?
-164
-35 (base 6) to base 16
-17
What is 5 (base 13) in base 10?
5
Convert 10 (base 3) to base 9.
3
Convert 76 (base 8) to base 7.
116
What is -20 (base 14) in base 2?
-11100
2 (base 3) to base 12
2
4 (base 8) to base 9
4
Convert 7 (base 16) to base 2.
111
-110 (base 5) to base 8
-36
-1202 (base 3) to base 12
-3b
Convert -30 (base 4) to base 12.
-10
What is 113 (base 4) in base 3?
212
1011110 (base 2) to base 6
234
What is -31 (base 16) in base 11?
-45
What is -22 (base 14) in base 4?
-132
What is 0 (base 5) in base 7?
0
Convert -13 (base 5) to base 6.
-12
What is -5b (base 12) in base 4?
-1013
Convert 100 (base 2) to base 13.
4
What is -1001100 (base 2) in base 14?
-56
3 (base 15) to base 13
3
What is e (base 16) in base 2?
1110
What is -111101 (base 2) in base 12?
-51
-100222 (base 3) to base 13
-179
What is 0 (base 2) in base 13?
0
Convert -67 (base 9) to base 8.
-75
Convert -4 (base 15) to base 5.
-4
Convert -1200 (base 5) to base 14.
-c7
What is 2 (base 9) in base 14?
2
What is -97 (base 12) in base 5?
-430
What is -23 (base 4) in base 2?
-1011
What is 11100 (base 2) in base 16?
1c
Convert -53 (base 10) to base 12.
-45
4 (base 8) to base 11
4
-a8 (base 11) to base 2
-1110110
Convert -17 (base 12) to base 10.
-19
Convert 25 (base 8) to base 13.
18
1 (base 11) to base 16
1
-1c (base 14) to base 6
-42
What is -20 (base 3) in base 6?
-10
What is -9 (base 12) in base 15?
-9
-5 (base 12) to base 16
-5
What is 56 (base 16) in base 6?
222
-25 (base 7) to base 12
-17
1 (base 13) to base 5
1
What is 11 (base 2) in base 8?
3
What is -20 (base 4) in base 12?
-8
Convert -12 (base 7) to base 14.
-9
What is -3 (base 7) in base 11?
-3
1 (base 4) to base 7
1
Convert 53 (base 14) to base 13.
58
What is -342 (base 7) in base 2?
-10110001
Convert 5 (base 8) to base 3.
12
Convert 4 (base 5) to base 2.
100
11 (base 16) to base 14
13
-13 (base 9) to base 15
-c
What is -135 (base 8) in base 13?
-72
c5 (base 16) to base 9
238
6 (base 13) to base 10
6
What is 3 (base 4) in base 9?
3
What is -3 (base 16) in base 6?
-3
-1255 (base 6) to base 8
-503
What is 1 (base 6) in base 13?
1
110 (base 2) to base 15
6
Convert d (base 14) to base 10.
13
What is 1134 (base 5) in base 9?
207
What is 69 (base 11) in base 15?
50
Convert -10 (base 2) to base 15.
-2
-151 (base 6) to base 9
-74
Convert -3 (base 16) to base 15.
-3
Convert -2 (base 7) to base 4.
-2
-405 (base 10) to base 7
-1116
Convert -78 (base 9) to base 2.
-1000111
What is -1 (base 16) in base 13?
-1
Convert 157 (base 14) to base 2.
100010001
What is 4 (base 13) in base 3?
11
What is 41 (base 15) in base 14?
45
-2 (base 4) to base 16
-2
What is 1 (base 4) in base 6?
1
-45 (base 6) to base 15
-1e
2 (base 5) to base 8
2
113 (base 11) to base 10
135
Convert 17 (base 12) to base 14.
15
What is 4 (base 12) in base 2?
100
Convert -8 (base 12) to base 7.
-11
-1c (base 15) to base 5
-102
-13 (base 5) to base 15
-8
Convert -4 (base 7) to base 12.
-4
What is 9 (base 12) in base 13?
9
220 (base 5) to base 10
60
23 (base 8) to base 9
21
0 (base 4) to base 12
0
What is 0 (base 12) in base 2?
0
What is 0 (base 9) in base 8?
0
Convert 1100111 (base 2) to base 12.
87
What is 11 (base 3) in base 5?
4
What is 11 (base 6) in base 5?
12
0 (base 9) to base 2
0
-6b (base 16) to base 6
-255
What is 3 (base 16) in base 13?
3
What is 30 (base 7) in base 3?
210
Convert -3 (base 7) to base 6.
-3
6 (base 12) to base 15
6
-10 (base 2) to base 16
-2
Convert 3 (base 7) to base 16.
3
What is 2 (base 8) in base 5?
2
What is -2c (base 15) in base 4?
-222
-4c (base 14) to base 6
-152
Convert -131 (base 6) to base 9.
-61
What is 8 (base 12) in base 7?
11
What is -14 (base 11) in base 4?
-33
What is 13 (base 15) in base 5?
33
Convert 2 (base 6) to base 16.
2
-22 (base 8) to base 16
-12
Convert -12 (base 7) to base 10.
-9
-7a (base 13) to base 12
-85
Convert 1220 (base 3) to base 10.
51
What is 2212 (base 3) in base 7?
140
Convert 0 (base 15) to base 14.
0
Convert c (base 15) to base 8.
14
What is 122 (base 3) in base 10?
17
Convert -2 (base 16) to base 11.
-2
What is -14 (base 7) in base 11?
-10
What is 18 (base 11) in base 3?
201
What is -31 (base 4) in base 13?
-10
What is 0 (base 12) in base 6?
0
What is -32 (base 6) in base 16?
-14
What is -27 (base 10) in base 5?
-102
-3 (base 14) to base 15
-3
What is -3 (base 6)